o base 11
-4
Convert a (base 15) to base 9.
11
Convert 6 (base 14) to base 3.
20
Convert 3 (base 16) to base 15.
3
What is -124 (base 5) in base 6?
-103
What is 1 (base 13) in base 7?
1
1044 (base 5) to base 10
149
What is -12 (base 3) in base 16?
-5
What is -5 (base 13) in base 9?
-5
-2 (base 13) to base 12
-2
-4 (base 11) to base 3
-11
Convert 1 (base 15) to base 13.
1
What is 6c (base 16) in base 9?
130
Convert 0 (base 8) to base 15.
0
29 (base 15) to base 16
27
What is -3 (base 10) in base 14?
-3
10 (base 4) to base 3
11
Convert -1 (base 14) to base 10.
-1
-144 (base 5) to base 13
-3a
What is -22 (base 12) in base 15?
-1b
What is 13 (base 14) in base 16?
11
Convert -b (base 12) to base 14.
-b
-85 (base 9) to base 5
-302
Convert -19 (base 16) to base 13.
-1c
What is -21011 (base 3) in base 6?
-521
What is 33 (base 10) in base 11?
30
What is 1 (base 15) in base 4?
1
Convert -8 (base 11) to base 10.
-8
Convert -11 (base 8) to base 16.
-9
Convert -6 (base 16) to base 3.
-20
What is -2 (base 16) in base 3?
-2
What is 142 (base 9) in base 3?
11102
What is -506 (base 7) in base 13?
-164
Convert 414 (base 5) to base 15.
74
112 (base 3) to base 4
32
What is -100 (base 2) in base 9?
-4
What is a (base 13) in base 9?
11
-1 (base 5) to base 4
-1
What is -10 (base 2) in base 5?
-2
What is 256 (base 8) in base 14?
c6
Convert 125 (base 12) to base 15.
b8
What is 0 (base 9) in base 11?
0
What is -12 (base 5) in base 7?
-10
What is -7 (base 11) in base 10?
-7
Convert 0 (base 8) to base 13.
0
What is 15 (base 13) in base 3?
200
What is 2 (base 16) in base 15?
2
-100 (base 3) to base 7
-12
What is 1 (base 14) in base 13?
1
What is -63 (base 11) in base 3?
-2120
10 (base 12) to base 7
15
2 (base 7) to base 6
2
What is 21 (base 8) in base 6?
25
Convert f (base 16) to base 4.
33
Convert 221 (base 5) to base 15.
41
0 (base 3) to base 5
0
What is -222 (base 8) in base 6?
-402
What is -44 (base 15) in base 13?
-4c
What is 57 (base 11) in base 16?
3e
Convert 3 (base 13) to base 8.
3
1000 (base 3) to base 9
30
1 (base 15) to base 5
1
Convert 12b (base 12) to base 6.
455
Convert -3 (base 4) to base 14.
-3
Convert 0 (base 10) to base 13.
0
Convert 1 (base 16) to base 4.
1
What is -13 (base 7) in base 8?
-12
What is -2 (base 8) in base 7?
-2
Convert -103 (base 10) to base 4.
-1213
What is -a (base 11) in base 10?
-10
What is -1 (base 6) in base 13?
-1
What is -110112 (base 3) in base 13?
-200
-54 (base 11) to base 6
-135
Convert -1002 (base 3) to base 16.
-1d
0 (base 13) to base 4
0
Convert -6d (base 14) to base 10.
-97
160 (base 9) to base 4
2013
-25 (base 10) to base 3
-221
Convert 0 (base 4) to base 9.
0
What is 17 (base 13) in base 8?
24
Convert 100 (base 2) to base 13.
4
Convert -233 (base 10) to base 6.
-1025
30 (base 6) to base 11
17
-33 (base 4) to base 16
-f
1033 (base 5) to base 7
263
Convert 2 (base 15) to base 9.
2
Convert 3 (base 16) to base 14.
3
What is -2 (base 7) in base 3?
-2
-50 (base 10) to base 12
-42
-504 (base 6) to base 15
-c4
Convert 3 (base 8) to base 10.
3
What is -210 (base 7) in base 12?
-89
What is -23 (base 14) in base 9?
-34
Convert -44 (base 15) to base 9.
-71
What is -2111 (base 4) in base 12?
-105
11 (base 12) to base 10
13
Convert 7 (base 10) to base 6.
11
3 (base 4) to base 16
3
34 (base 11) to base 15
27
Convert -154 (base 10) to base 14.
-b0
What is -111 (base 7) in base 11?
-52
What is -3 (base 14) in base 11?
-3
Convert -239 (base 10) to base 11.
-1a8
-44 (base 14) to base 13
-48
71 (base 14) to base 12
83
What is 1001101 (base 2) in base 9?
85
-36 (base 14) to base 5
-143
-19 (base 10) to base 13
-16
Convert 101001 (base 2) to base 12.
35
Convert -2 (base 9) to base 12.
-2
Convert -5 (base 15) to base 11.
-5
Convert 1110 (base 2) to base 11.
13
2 (base 5) to base 13
2
What is -9 (base 15) in base 8?
-11
What is -4 (base 6) in base 11?
-4
Convert 10 (base 8) to base 2.
1000
What is 2 (base 11) in base 13?
2
2 (base 15) to base 13
2
Convert -10011110 (base 2) to base 14.
-b4
What is 16f (base 16) in base 12?
267
Convert -22 (base 4) to base 15.
-a
Convert 2 (base 12) to base 3.
2
What is -6 (base 16) in base 15?
-6
What is -1a (base 12) in base 2?
-10110
What is 0 (base 10) in base 8?
0
What is 19 (base 10) in base 8?
23
Convert 62 (base 8) to base 3.
1212
Convert 312 (base 4) to base 13.
42
Convert -9 (base 12) to base 14.
-9
Convert -23 (base 10) to base 7.
-32
What is 1111111 (base 2) in base 7?
241
201 (base 3) to base 16
13
What is 11 (base 4) in base 14?
5
Convert -111000 (base 2) to base 6.
-132
-6a (base 14) to base 9
-114
What is 3 (base 15) in base 9?
3
26 (base 11) to base 9
31
Convert 101 (base 3) to base 15.
a
Convert -103 (base 7) to base 12.
-44
Convert 46 (base 12) to base 5.
204
What is 24 (base 6) in base 12?
14
11 (base 10) to base 2
1011
ac (base 16) to base 8
254
What is -35 (base 15) in base 7?
-101
-4d (base 14) to base 7
-126
-17a (base 14) to base 2
-100110000
-103 (base 5) to base 13
-22
-3 (base 14) to base 13
-3
Convert -7 (base 14) to base 16.
-7
Convert 100011011 (base 2) to base 3.
101111
11001 (base 3) to base 16
6d
Convert 7 (base 16) to base 3.
21
Convert -18 (base 12) to base 11.
-19
What is 2 (base 16) in base 9?
2
221 (base 4) to base 9
45
60 (base 9) to base 11
4a
5 (base 13) to base 11
5
Convert -4 (base 8) to base 15.
-4
What is 3 (base 10) in base 2?
11
Convert -471 (base 8) to base 14.
-185
Convert -2 (base 5) to base 11.
-2
Convert 234 (base 7) to base 8.
173
Convert -136 (base 14) to base 4.
-3310
Convert -100 (base 5) to base 15.
-1a
Convert -7 (base 16) to base 3.
-21
20 (base 7) to base 9
15
Convert -21110 (base 3) to base 5.
-1301
-75 (base 12) to base 2
-1011001
Convert 3 (base 7) to base 14.
3
What is 55 (base 15) in base 14?
5a
-2 (base 11) to base 9
-2
1 (base 5) to base 12
1
Convert 5 (base 6) to base 8.
5
110 (base 5) to base 14
22
What is -10c (base 13) in base 5?
-1211
-20 (base 10) to base 8
-24
What is -11 (base 16) in base 12?
-15
What is -131 (base 8) in base 6?
-225
What is -101120 (base 3) in base 10?
-285
What is -34 (base 8) in base 7?
-40
-1a1 (base 11) to base 12
-174
What is -5 (base 16) in base 6?
-5
0 (base 9) to base 12
0
Convert 4 (base 10) to base 13.
4
What is 159 (base 13) in base 14?
135
What is 1 (base 11) in base 16?
1
57 (base 8) to base 6
115
Convert -442 (base 5) to base 14.
-8a
255 (base 10) to base 12
193
Convert 600 (base 7) to base 5.
2134
20 (base 3) to base 5
11
What is -11 (base 2) in base 15?
-3
What is 1001 (base 2) in base 3?
100
Convert 14 (base 14) to base 16.
12
What is 1 (base 11) in base 4?
1
1011011 (base 2) to base 4
1123
What is e4 (base 15) in base 6?
554
13 (base 5) to base 3
22
Convert 2c (base 13) to base 6.
102
What is -11 (base 8) in base 13?
-9
What is -38 (base 11) in base 9?
-45
24 (base 15) to base 4
202
What is 56 (base 11) in base 13?
49
Convert -11010100 (base 2) to base 14.
-112
What is 1 (base 9) in base 16?
1
What is -45 (base 11) in base 4?
-301
17 (base 11) to base 5
33
What is a9 (base 11) in base 13?
92
14 (base 13) to base 5
32
What is -44 (base 11) in base 4?
-300
What is 6 (base 8) in base 9?
6
-101111 (base 2) to base 5
-142
What is -4b (base 12) in base 6?
-135
29 (base 11) to base 4
133
What is 13 (base 12) in base 10?
15
46 (base 7) to base 9
37
10 (base 10) to base 3
101
What is 5 (base 14) in base 9?
5
Convert 1 (base 11) to base 9.
1
What is 6 (base 13) in base 5?
11
Convert -17 (base 12) to base 6.
-31
-2 (base 4) to base 3
-2
What is 2 (base 11) in base 7?
2
What is -1 (base 7) in base 16?
-1
Convert 301 (base 5) to base 15.
51
What is 1 (base 7) in base 16?
1
-100 (base 3) to base 14
-9
Convert -a7 (base 13) to base 10.
-137
-7 (base 9) to base 2
-111
1b (base 16) to base 12
23
What is 19a (base 11) in base 9?
275
3 (base 15) to base 11
3
What is 10 (base 4) in base 5?
4
Convert -32 (base 10) to base 4.
-200
Convert 1 (base 4) to base 3.
1
What is 34 (base 5) in base 4?
103
What is 18 (base 15) in base 9?
25
10 (base 11) to base 16
b
-11 (base 13) to base 15
-e
Convert -a (base 11) to base 13.
-a
Convert -10 (base 2) to base 3.
-2
What is -30 (base 4) in base 6?
-20
What is -64 (base 8) in base 11?
-48
What is 2b (base 12) in base 15?
25
What is 26 (base 11) in base 14?
20
-41 (base 9) to base 14